{"id":26663,"date":"2026-04-15T18:54:31","date_gmt":"2026-04-15T16:54:31","guid":{"rendered":"https:\/\/www.obacha-heimerdingen.de\/franklin\/?page_id=26663"},"modified":"2026-04-20T10:48:51","modified_gmt":"2026-04-20T08:48:51","slug":"backhaeusle","status":"publish","type":"page","link":"https:\/\/www.obacha-heimerdingen.de\/franklin\/backhaeusle\/","title":{"rendered":"Das Backh\u00e4usle"},"content":{"rendered":"\n\n\n\n\n\n\n<p>Das Wahrzeichen der Hoamerdenger Narra Obacha ist das Backhaus von Heimerdingen. <br>Alle unsere Gruppen haben hierzu einen Bezug.<br>Das H\u00e4s der Backh\u00e4usle zeigt mit der Jacke das Dach des Backhauses und in der Hose das Gem\u00e4uer. <br>Die Jacke besteht aus vielen Filz Schindeln. <br>Du kannst mit dem neuen H\u00e4s unsere Blaukittel bei Umz\u00fcgen und beim Fasnet feiern unterst\u00fctzen. <br>Wir freuen uns, wenn die Gruppe gr\u00f6\u00dfer wird.<\/p>\n\n\n\n<div class=\"wp-block-columns alignwide is-layout-flex wp-container-core-columns-is-layout-28f84493 wp-block-columns-is-layout-flex\">\n<div class=\"wp-block-column is-layout-flow wp-block-column-is-layout-flow\">\n<div class=\"wp-block-uagb-image alignleft uagb-block-2ac7aff9 wp-block-uagb-image--layout-default wp-block-uagb-image--effect-static wp-block-uagb-image--align-left\"><figure class=\"wp-block-uagb-image__figure\"><a class=\"\" href=\"https:\/\/www.obacha-heimerdingen.de\/franklin\/wp-content\/uploads\/2026\/04\/IMG-20260407-WA0004.jpg\" target=\"\" rel=\"noopener\"><img decoding=\"async\" srcset=\"https:\/\/www.obacha-heimerdingen.de\/franklin\/wp-content\/uploads\/2026\/04\/IMG-20260407-WA0004-768x1024.jpg ,https:\/\/www.obacha-heimerdingen.de\/franklin\/wp-content\/uploads\/2026\/04\/IMG-20260407-WA0004.jpg 780w, https:\/\/www.obacha-heimerdingen.de\/franklin\/wp-content\/uploads\/2026\/04\/IMG-20260407-WA0004.jpg 360w\" sizes=\"auto, (max-width: 480px) 150px\" src=\"https:\/\/www.obacha-heimerdingen.de\/franklin\/wp-content\/uploads\/2026\/04\/IMG-20260407-WA0004-768x1024.jpg\" alt=\"img 20260407 wa0004\" class=\"uag-image-26944\" width=\"768\" height=\"1024\" title=\"img 20260407 wa0004\" loading=\"lazy\" role=\"img\"\/><\/a><\/figure><\/div>\n<\/div>\n<\/div>\n\n\n\n<h4 class=\"wp-block-heading\">&#x1f4cc; Facts<\/h4>\n\n\n\n<ul class=\"wp-block-list\">\n<li><strong>Alter:<\/strong> 3\u201399 Jahre<\/li>\n\n\n\n<li><strong>Voraussetzungen:<\/strong> alle sind willkommen <\/li>\n\n\n\n<li><strong>Umz\u00fcge:<\/strong> ca. 5<\/li>\n<\/ul>\n\n\n\n<p><\/p>\n\n\n\n<h4 class=\"wp-block-heading\">&#x1f31f; Mitmachen<\/h4>\n\n\n\n<p>Dein Interesse ist geweckt? <br>Dann erh\u00e4ltst du weitere Infos \u00fcber <a href=\"mailto:info@obacha-heimerdingen.de\">info@obacha-heimerdingen.de<\/a><\/p>\n\n\n\n<p>Wie freuen uns auf DICH!<\/p>\n\n\n\n<h4 class=\"wp-block-heading\">&#x1f4de; Kontakt<\/h4>\n\n\n\n<p>Yvonne Riffert <br>Telefon: 0174 \/ 24 88 186 <br>E-Mail: <a>info@obacha-heimerdingen.de<\/a><\/p>\n\n\n\n<p><\/p>\n","protected":false},"excerpt":{"rendered":"<p>Das Wahrzeichen der Hoamerdenger Narra Obacha ist das Backhaus von Heimerdingen. Alle unsere Gruppen haben hierzu einen Bezug.Das H\u00e4s der Backh\u00e4usle zeigt mit der Jacke das Dach des Backhauses und in der Hose das Gem\u00e4uer. Die Jacke besteht aus vielen Filz Schindeln. Du kannst mit dem neuen H\u00e4s unsere Blaukittel bei Umz\u00fcgen und beim Fasnet [&hellip;]<\/p>\n","protected":false},"author":2,"featured_media":0,"parent":0,"menu_order":0,"comment_status":"closed","ping_status":"closed","template":"","meta":{"_uag_custom_page_level_css":"","site-sidebar-layout":"default","site-content-layout":"","ast-site-content-layout":"default","site-content-style":"default","site-sidebar-style":"default","ast-global-header-display":"","ast-banner-title-visibility":"","ast-main-header-display":"","ast-hfb-above-header-display":"","ast-hfb-below-header-display":"","ast-hfb-mobile-header-display":"","site-post-title":"","ast-breadcrumbs-content":"","ast-featured-img":"","footer-sml-layout":"","ast-disable-related-posts":"","theme-transparent-header-meta":"","adv-header-id-meta":"","stick-header-meta":"","header-above-stick-meta":"","header-main-stick-meta":"","header-below-stick-meta":"","astra-migrate-meta-layouts":"set","ast-page-background-enabled":"default","ast-page-background-meta":{"desktop":{"background-color":"var(--ast-global-color-4)","background-image":"","background-repeat":"repeat","background-position":"center center","background-size":"auto","background-attachment":"scroll","background-type":"","background-media":"","overlay-type":"","overlay-color":"","overlay-opacity":"","overlay-gradient":""},"tablet":{"background-color":"","background-image":"","background-repeat":"repeat","background-position":"center center","background-size":"auto","background-attachment":"scroll","background-type":"","background-media":"","overlay-type":"","overlay-color":"","overlay-opacity":"","overlay-gradient":""},"mobile":{"background-color":"","background-image":"","background-repeat":"repeat","background-position":"center center","background-size":"auto","background-attachment":"scroll","background-type":"","background-media":"","overlay-type":"","overlay-color":"","overlay-opacity":"","overlay-gradient":""}},"ast-content-background-meta":{"desktop":{"background-color":"var(--ast-global-color-5)","background-image":"","background-repeat":"repeat","background-position":"center center","background-size":"auto","background-attachment":"scroll","background-type":"","background-media":"","overlay-type":"","overlay-color":"","overlay-opacity":"","overlay-gradient":""},"tablet":{"background-color":"var(--ast-global-color-5)","background-image":"","background-repeat":"repeat","background-position":"center center","background-size":"auto","background-attachment":"scroll","background-type":"","background-media":"","overlay-type":"","overlay-color":"","overlay-opacity":"","overlay-gradient":""},"mobile":{"background-color":"var(--ast-global-color-5)","background-image":"","background-repeat":"repeat","background-position":"center center","background-size":"auto","background-attachment":"scroll","background-type":"","background-media":"","overlay-type":"","overlay-color":"","overlay-opacity":"","overlay-gradient":""}},"footnotes":""},"class_list":["post-26663","page","type-page","status-publish","hentry"],"uagb_featured_image_src":{"full":false,"thumbnail":false,"medium":false,"medium_large":false,"large":false,"1536x1536":false,"2048x2048":false},"uagb_author_info":{"display_name":"Friedrich Blum","author_link":"https:\/\/www.obacha-heimerdingen.de\/franklin\/author\/frieder\/"},"uagb_comment_info":0,"uagb_excerpt":"Das Wahrzeichen der Hoamerdenger Narra Obacha ist das Backhaus von Heimerdingen. Alle unsere Gruppen haben hierzu einen Bezug.Das H\u00e4s der Backh\u00e4usle zeigt mit der Jacke das Dach des Backhauses und in der Hose das Gem\u00e4uer. Die Jacke besteht aus vielen Filz Schindeln. Du kannst mit dem neuen H\u00e4s unsere Blaukittel bei Umz\u00fcgen und beim Fasnet&hellip;","_links":{"self":[{"href":"https:\/\/www.obacha-heimerdingen.de\/franklin\/wp-json\/wp\/v2\/pages\/26663","targetHints":{"allow":["GET"]}}],"collection":[{"href":"https:\/\/www.obacha-heimerdingen.de\/franklin\/wp-json\/wp\/v2\/pages"}],"about":[{"href":"https:\/\/www.obacha-heimerdingen.de\/franklin\/wp-json\/wp\/v2\/types\/page"}],"author":[{"embeddable":true,"href":"https:\/\/www.obacha-heimerdingen.de\/franklin\/wp-json\/wp\/v2\/users\/2"}],"replies":[{"embeddable":true,"href":"https:\/\/www.obacha-heimerdingen.de\/franklin\/wp-json\/wp\/v2\/comments?post=26663"}],"version-history":[{"count":6,"href":"https:\/\/www.obacha-heimerdingen.de\/franklin\/wp-json\/wp\/v2\/pages\/26663\/revisions"}],"predecessor-version":[{"id":26946,"href":"https:\/\/www.obacha-heimerdingen.de\/franklin\/wp-json\/wp\/v2\/pages\/26663\/revisions\/26946"}],"wp:attachment":[{"href":"https:\/\/www.obacha-heimerdingen.de\/franklin\/wp-json\/wp\/v2\/media?parent=26663"}],"curies":[{"name":"wp","href":"https:\/\/api.w.org\/{rel}","templated":true}]}}