{"id":26660,"date":"2026-04-15T18:53:51","date_gmt":"2026-04-15T16:53:51","guid":{"rendered":"https:\/\/www.obacha-heimerdingen.de\/franklin\/?page_id=26660"},"modified":"2026-04-20T10:49:56","modified_gmt":"2026-04-20T08:49:56","slug":"bachhausgoischdr","status":"publish","type":"page","link":"https:\/\/www.obacha-heimerdingen.de\/franklin\/bachhausgoischdr\/","title":{"rendered":"Die Bachhausgoischd&#8217;r"},"content":{"rendered":"\n\n\n\n\n\n\n<p>sind eine anerkannte Brauchtumsgruppe des LWK und ein gro\u00dfer Teil der Hoamerdenger Narra Obacha. <br>Ihre Maske stellt das frisch gebackene Brot aus unserem Backhaus dar. <br>Das H\u00e4s symbolisiert das lodernde Feuer im Backhaus, sowie das Gem\u00e4uer. <br>In der Hand haben sie einen Schie\u00dfer, mit dem das Brot aus dem Ofen geholt wird.<\/p>\n\n\n\n<div class=\"wp-block-columns alignwide is-layout-flex wp-container-core-columns-is-layout-28f84493 wp-block-columns-is-layout-flex\">\n<div class=\"wp-block-column is-layout-flow wp-block-column-is-layout-flow\" style=\"flex-basis:33.33%\">\n<div class=\"wp-block-uagb-image aligncenter uagb-block-5d172f1a wp-block-uagb-image--layout-default wp-block-uagb-image--effect-static wp-block-uagb-image--align-center\"><figure class=\"wp-block-uagb-image__figure\"><a class=\"\" href=\"https:\/\/www.obacha-heimerdingen.de\/franklin\/wp-content\/uploads\/2026\/04\/IMG-20240128-WA0041-1.jpg\" target=\"\" rel=\"noopener\"><img decoding=\"async\" srcset=\"https:\/\/www.obacha-heimerdingen.de\/franklin\/wp-content\/uploads\/2026\/04\/IMG-20240128-WA0041-1-768x1024.jpg ,https:\/\/www.obacha-heimerdingen.de\/franklin\/wp-content\/uploads\/2026\/04\/IMG-20240128-WA0041-1.jpg 780w, https:\/\/www.obacha-heimerdingen.de\/franklin\/wp-content\/uploads\/2026\/04\/IMG-20240128-WA0041-1.jpg 360w\" sizes=\"auto, (max-width: 480px) 150px\" src=\"https:\/\/www.obacha-heimerdingen.de\/franklin\/wp-content\/uploads\/2026\/04\/IMG-20240128-WA0041-1-768x1024.jpg\" alt=\"img 20240128 wa0041\" class=\"uag-image-26757\" width=\"360\" height=\"471\" title=\"img 20240128 wa0041\" loading=\"lazy\" role=\"img\"\/><\/a><\/figure><\/div>\n<\/div>\n\n\n\n<div class=\"wp-block-column is-layout-flow wp-block-column-is-layout-flow\" style=\"flex-basis:66.66%\">\n<div class=\"wp-block-uagb-image alignright uagb-block-fdb48ddc wp-block-uagb-image--layout-default wp-block-uagb-image--effect-static wp-block-uagb-image--align-right\"><figure class=\"wp-block-uagb-image__figure\"><a class=\"\" href=\"https:\/\/www.obacha-heimerdingen.de\/franklin\/wp-content\/uploads\/2026\/04\/IMG-20200208-WA0003-1.jpg\" target=\"\" rel=\"noopener\"><img decoding=\"async\" srcset=\"https:\/\/www.obacha-heimerdingen.de\/franklin\/wp-content\/uploads\/2026\/04\/IMG-20200208-WA0003-1.jpg ,https:\/\/www.obacha-heimerdingen.de\/franklin\/wp-content\/uploads\/2026\/04\/IMG-20200208-WA0003-1.jpg 780w, https:\/\/www.obacha-heimerdingen.de\/franklin\/wp-content\/uploads\/2026\/04\/IMG-20200208-WA0003-1.jpg 360w\" sizes=\"auto, (max-width: 480px) 150px\" src=\"https:\/\/www.obacha-heimerdingen.de\/franklin\/wp-content\/uploads\/2026\/04\/IMG-20200208-WA0003-1.jpg\" alt=\"img 20200208 wa0003\" class=\"uag-image-26759\" width=\"626\" height=\"476\" title=\"img 20200208 wa0003\" loading=\"lazy\" role=\"img\"\/><\/a><\/figure><\/div>\n<\/div>\n<\/div>\n\n\n\n<div class=\"wp-block-columns alignwide is-layout-flex wp-container-core-columns-is-layout-28f84493 wp-block-columns-is-layout-flex\">\n<div class=\"wp-block-column is-layout-flow wp-block-column-is-layout-flow\">\n<div class=\"wp-block-uagb-image alignleft uagb-block-35f115e3 wp-block-uagb-image--layout-default wp-block-uagb-image--effect-static wp-block-uagb-image--align-left\"><figure class=\"wp-block-uagb-image__figure\"><a class=\"\" href=\"https:\/\/www.obacha-heimerdingen.de\/franklin\/wp-content\/uploads\/2026\/04\/IMG-20250222-WA0033.jpg\" target=\"\" rel=\"noopener\"><img decoding=\"async\" srcset=\"https:\/\/www.obacha-heimerdingen.de\/franklin\/wp-content\/uploads\/2026\/04\/IMG-20250222-WA0033-1024x768.jpg ,https:\/\/www.obacha-heimerdingen.de\/franklin\/wp-content\/uploads\/2026\/04\/IMG-20250222-WA0033.jpg 780w, https:\/\/www.obacha-heimerdingen.de\/franklin\/wp-content\/uploads\/2026\/04\/IMG-20250222-WA0033.jpg 360w\" sizes=\"auto, (max-width: 480px) 150px\" src=\"https:\/\/www.obacha-heimerdingen.de\/franklin\/wp-content\/uploads\/2026\/04\/IMG-20250222-WA0033-1024x768.jpg\" alt=\"img 20250222 wa0033\" class=\"uag-image-26760\" width=\"558\" height=\"418\" title=\"img 20250222 wa0033\" loading=\"lazy\" role=\"img\"\/><\/a><\/figure><\/div>\n<\/div>\n\n\n\n<div class=\"wp-block-column is-layout-flow wp-block-column-is-layout-flow\">\n<div class=\"wp-block-uagb-image uagb-block-b8382f46 wp-block-uagb-image--layout-default wp-block-uagb-image--effect-static wp-block-uagb-image--align-none\"><figure class=\"wp-block-uagb-image__figure\"><a class=\"\" href=\"https:\/\/www.obacha-heimerdingen.de\/franklin\/wp-content\/uploads\/2026\/04\/IMG-20260214-WA0023.jpg\" target=\"\" rel=\"noopener\"><img decoding=\"async\" srcset=\"https:\/\/www.obacha-heimerdingen.de\/franklin\/wp-content\/uploads\/2026\/04\/IMG-20260214-WA0023-1024x826.jpg ,https:\/\/www.obacha-heimerdingen.de\/franklin\/wp-content\/uploads\/2026\/04\/IMG-20260214-WA0023.jpg 780w, https:\/\/www.obacha-heimerdingen.de\/franklin\/wp-content\/uploads\/2026\/04\/IMG-20260214-WA0023.jpg 360w\" sizes=\"auto, (max-width: 480px) 150px\" src=\"https:\/\/www.obacha-heimerdingen.de\/franklin\/wp-content\/uploads\/2026\/04\/IMG-20260214-WA0023-1024x826.jpg\" alt=\"img 20260214 wa0023\" class=\"uag-image-26761\" width=\"552\" height=\"443\" title=\"img 20260214 wa0023\" loading=\"lazy\" role=\"img\"\/><\/a><\/figure><\/div>\n<\/div>\n<\/div>\n\n\n\n<p>Am 6. Januar werden die Bachhausgoischd\u00b4r zum Leben erweckt. <br>Dieses wird am Heimerdinger Backhaus vollzogen. <br>Hier erwachen die Goischd\u00b4r jedes Jahr, um sich in der 5. Jahreszeit unter das Volk zu mischen, <br>bevor es am Aschermittwoch wieder Abschied nehmen hei\u00dft. <br>Mystisch kommen sie aus dem Backhaus mit ihren Masken und ihrem Schie\u00dfer. <br>Die ganze Fasnetzeit sind sie mit viel Spa\u00df auf vielen Umz\u00fcgen und Veranstaltungen unterwegs. <br>Dabei unterst\u00fctzen sie unsere Tanzgruppen oder pr\u00e4sentieren ihren eigenen Brauchtums-Showtanz. <br><br>Aber nicht jeder Goischd \u201emuss\u201c tanzen. <br>Wer Lust hat, ist ab September dabei und dann geht es los mit dem Training. <br><br><strong>Zunftmeisterin:<\/strong> Melanie Lenz<\/p>\n\n\n\n<p class=\"has-ast-global-color-8-color has-text-color has-link-color has-medium-font-size wp-elements-86309d7b219a8b941301aef2c82db98e\">Entstehungsgeschichte der Bachhausgoischd&#8217;r<\/p>\n\n\n\n<div class=\"wp-block-buttons is-content-justification-left is-layout-flex wp-container-core-buttons-is-layout-fc4fd283 wp-block-buttons-is-layout-flex\">\n<div class=\"wp-block-button\"><a class=\"wp-block-button__link has-light-green-cyan-background-color has-background wp-element-button\" href=\"https:\/\/www.obacha-heimerdingen.de\/franklin\/entstehungsgeschichte\/\" style=\"padding-top:0;padding-bottom:0\">mehr erfahren<\/a><\/div>\n<\/div>\n\n\n\n<h4 class=\"wp-block-heading\">&#x1f4cc; Facts<\/h4>\n\n\n\n<ul class=\"wp-block-list\">\n<li><strong>Alter:<\/strong> 3\u201399 Jahre<\/li>\n\n\n\n<li><strong>Training:<\/strong> wird bei Bedarf festgelegt<\/li>\n\n\n\n<li><strong>Voraussetzungen:<\/strong> alle sind willkommen <\/li>\n\n\n\n<li><strong>Auftritte pro Kampagne:<\/strong> ca. 10<\/li>\n\n\n\n<li><strong>Umz\u00fcge:<\/strong> ca. 5<\/li>\n<\/ul>\n\n\n\n<h4 class=\"wp-block-heading\">&#x1f31f; Mitmachen<\/h4>\n\n\n\n<p>Wir freuen uns immer \u00fcber neue Mitglieder \u2013 jeder ist herzlich willkommen!<\/p>\n\n\n\n<h4 class=\"wp-block-heading\">&#x1f4de; Kontakt<\/h4>\n\n\n\n<p>Yvonne Riffert <br>Telefon: 0174 \/ 24 88 186 <br>E-Mail: <a>info@obacha-heimerdingen.de<\/a><\/p>\n\n\n\n<p><\/p>\n","protected":false},"excerpt":{"rendered":"<p>sind eine anerkannte Brauchtumsgruppe des LWK und ein gro\u00dfer Teil der Hoamerdenger Narra Obacha. Ihre Maske stellt das frisch gebackene Brot aus unserem Backhaus dar. Das H\u00e4s symbolisiert das lodernde Feuer im Backhaus, sowie das Gem\u00e4uer. In der Hand haben sie einen Schie\u00dfer, mit dem das Brot aus dem Ofen geholt wird. Am 6. Januar [&hellip;]<\/p>\n","protected":false},"author":2,"featured_media":0,"parent":0,"menu_order":0,"comment_status":"closed","ping_status":"closed","template":"","meta":{"_uag_custom_page_level_css":"","site-sidebar-layout":"default","site-content-layout":"","ast-site-content-layout":"default","site-content-style":"default","site-sidebar-style":"default","ast-global-header-display":"","ast-banner-title-visibility":"","ast-main-header-display":"","ast-hfb-above-header-display":"","ast-hfb-below-header-display":"","ast-hfb-mobile-header-display":"","site-post-title":"","ast-breadcrumbs-content":"","ast-featured-img":"","footer-sml-layout":"","ast-disable-related-posts":"","theme-transparent-header-meta":"","adv-header-id-meta":"","stick-header-meta":"","header-above-stick-meta":"","header-main-stick-meta":"","header-below-stick-meta":"","astra-migrate-meta-layouts":"set","ast-page-background-enabled":"default","ast-page-background-meta":{"desktop":{"background-color":"var(--ast-global-color-4)","background-image":"","background-repeat":"repeat","background-position":"center center","background-size":"auto","background-attachment":"scroll","background-type":"","background-media":"","overlay-type":"","overlay-color":"","overlay-opacity":"","overlay-gradient":""},"tablet":{"background-color":"","background-image":"","background-repeat":"repeat","background-position":"center center","background-size":"auto","background-attachment":"scroll","background-type":"","background-media":"","overlay-type":"","overlay-color":"","overlay-opacity":"","overlay-gradient":""},"mobile":{"background-color":"","background-image":"","background-repeat":"repeat","background-position":"center center","background-size":"auto","background-attachment":"scroll","background-type":"","background-media":"","overlay-type":"","overlay-color":"","overlay-opacity":"","overlay-gradient":""}},"ast-content-background-meta":{"desktop":{"background-color":"var(--ast-global-color-5)","background-image":"","background-repeat":"repeat","background-position":"center center","background-size":"auto","background-attachment":"scroll","background-type":"","background-media":"","overlay-type":"","overlay-color":"","overlay-opacity":"","overlay-gradient":""},"tablet":{"background-color":"var(--ast-global-color-5)","background-image":"","background-repeat":"repeat","background-position":"center center","background-size":"auto","background-attachment":"scroll","background-type":"","background-media":"","overlay-type":"","overlay-color":"","overlay-opacity":"","overlay-gradient":""},"mobile":{"background-color":"var(--ast-global-color-5)","background-image":"","background-repeat":"repeat","background-position":"center center","background-size":"auto","background-attachment":"scroll","background-type":"","background-media":"","overlay-type":"","overlay-color":"","overlay-opacity":"","overlay-gradient":""}},"footnotes":""},"class_list":["post-26660","page","type-page","status-publish","hentry"],"uagb_featured_image_src":{"full":false,"thumbnail":false,"medium":false,"medium_large":false,"large":false,"1536x1536":false,"2048x2048":false},"uagb_author_info":{"display_name":"Friedrich Blum","author_link":"https:\/\/www.obacha-heimerdingen.de\/franklin\/author\/frieder\/"},"uagb_comment_info":0,"uagb_excerpt":"sind eine anerkannte Brauchtumsgruppe des LWK und ein gro\u00dfer Teil der Hoamerdenger Narra Obacha. Ihre Maske stellt das frisch gebackene Brot aus unserem Backhaus dar. Das H\u00e4s symbolisiert das lodernde Feuer im Backhaus, sowie das Gem\u00e4uer. In der Hand haben sie einen Schie\u00dfer, mit dem das Brot aus dem Ofen geholt wird. Am 6. Januar&hellip;","_links":{"self":[{"href":"https:\/\/www.obacha-heimerdingen.de\/franklin\/wp-json\/wp\/v2\/pages\/26660","targetHints":{"allow":["GET"]}}],"collection":[{"href":"https:\/\/www.obacha-heimerdingen.de\/franklin\/wp-json\/wp\/v2\/pages"}],"about":[{"href":"https:\/\/www.obacha-heimerdingen.de\/franklin\/wp-json\/wp\/v2\/types\/page"}],"author":[{"embeddable":true,"href":"https:\/\/www.obacha-heimerdingen.de\/franklin\/wp-json\/wp\/v2\/users\/2"}],"replies":[{"embeddable":true,"href":"https:\/\/www.obacha-heimerdingen.de\/franklin\/wp-json\/wp\/v2\/comments?post=26660"}],"version-history":[{"count":11,"href":"https:\/\/www.obacha-heimerdingen.de\/franklin\/wp-json\/wp\/v2\/pages\/26660\/revisions"}],"predecessor-version":[{"id":26971,"href":"https:\/\/www.obacha-heimerdingen.de\/franklin\/wp-json\/wp\/v2\/pages\/26660\/revisions\/26971"}],"wp:attachment":[{"href":"https:\/\/www.obacha-heimerdingen.de\/franklin\/wp-json\/wp\/v2\/media?parent=26660"}],"curies":[{"name":"wp","href":"https:\/\/api.w.org\/{rel}","templated":true}]}}

<p>sind eine anerkannte Brauchtumsgruppe des LWK und ein großer Teil der Hoamerdenger Narra Obacha. <br>Ihre Maske stellt das frisch gebackene Brot aus unserem Backhaus dar. <br>Das Häs symbolisiert das lodernde Feuer im Backhaus, sowie das Gemäuer. <br>In der Hand haben sie einen Schießer, mit dem das Brot aus dem Ofen geholt wird.</p>



<div class="wp-block-columns alignwide is-layout-flex wp-container-core-columns-is-layout-28f84493 wp-block-columns-is-layout-flex">
<div class="wp-block-column is-layout-flow wp-block-column-is-layout-flow" style="flex-basis:33.33%">
<div class="wp-block-uagb-image aligncenter uagb-block-5d172f1a wp-block-uagb-image--layout-default wp-block-uagb-image--effect-static wp-block-uagb-image--align-center"><figure class="wp-block-uagb-image__figure"><a class="" href="https://www.obacha-heimerdingen.de/franklin/wp-content/uploads/2026/04/IMG-20240128-WA0041-1.jpg" target="" rel="noopener"><img decoding="async" srcset="https://www.obacha-heimerdingen.de/franklin/wp-content/uploads/2026/04/IMG-20240128-WA0041-1-768x1024.jpg ,https://www.obacha-heimerdingen.de/franklin/wp-content/uploads/2026/04/IMG-20240128-WA0041-1.jpg 780w, https://www.obacha-heimerdingen.de/franklin/wp-content/uploads/2026/04/IMG-20240128-WA0041-1.jpg 360w" sizes="auto, (max-width: 480px) 150px" src="https://www.obacha-heimerdingen.de/franklin/wp-content/uploads/2026/04/IMG-20240128-WA0041-1-768x1024.jpg" alt="img 20240128 wa0041" class="uag-image-26757" width="360" height="471" title="img 20240128 wa0041" loading="lazy" role="img"/></a></figure></div>
</div>



<div class="wp-block-column is-layout-flow wp-block-column-is-layout-flow" style="flex-basis:66.66%">
<div class="wp-block-uagb-image alignright uagb-block-fdb48ddc wp-block-uagb-image--layout-default wp-block-uagb-image--effect-static wp-block-uagb-image--align-right"><figure class="wp-block-uagb-image__figure"><a class="" href="https://www.obacha-heimerdingen.de/franklin/wp-content/uploads/2026/04/IMG-20200208-WA0003-1.jpg" target="" rel="noopener"><img decoding="async" srcset="https://www.obacha-heimerdingen.de/franklin/wp-content/uploads/2026/04/IMG-20200208-WA0003-1.jpg ,https://www.obacha-heimerdingen.de/franklin/wp-content/uploads/2026/04/IMG-20200208-WA0003-1.jpg 780w, https://www.obacha-heimerdingen.de/franklin/wp-content/uploads/2026/04/IMG-20200208-WA0003-1.jpg 360w" sizes="auto, (max-width: 480px) 150px" src="https://www.obacha-heimerdingen.de/franklin/wp-content/uploads/2026/04/IMG-20200208-WA0003-1.jpg" alt="img 20200208 wa0003" class="uag-image-26759" width="626" height="476" title="img 20200208 wa0003" loading="lazy" role="img"/></a></figure></div>
</div>
</div>



<div class="wp-block-columns alignwide is-layout-flex wp-container-core-columns-is-layout-28f84493 wp-block-columns-is-layout-flex">
<div class="wp-block-column is-layout-flow wp-block-column-is-layout-flow">
<div class="wp-block-uagb-image alignleft uagb-block-35f115e3 wp-block-uagb-image--layout-default wp-block-uagb-image--effect-static wp-block-uagb-image--align-left"><figure class="wp-block-uagb-image__figure"><a class="" href="https://www.obacha-heimerdingen.de/franklin/wp-content/uploads/2026/04/IMG-20250222-WA0033.jpg" target="" rel="noopener"><img decoding="async" srcset="https://www.obacha-heimerdingen.de/franklin/wp-content/uploads/2026/04/IMG-20250222-WA0033-1024x768.jpg ,https://www.obacha-heimerdingen.de/franklin/wp-content/uploads/2026/04/IMG-20250222-WA0033.jpg 780w, https://www.obacha-heimerdingen.de/franklin/wp-content/uploads/2026/04/IMG-20250222-WA0033.jpg 360w" sizes="auto, (max-width: 480px) 150px" src="https://www.obacha-heimerdingen.de/franklin/wp-content/uploads/2026/04/IMG-20250222-WA0033-1024x768.jpg" alt="img 20250222 wa0033" class="uag-image-26760" width="558" height="418" title="img 20250222 wa0033" loading="lazy" role="img"/></a></figure></div>
</div>



<div class="wp-block-column is-layout-flow wp-block-column-is-layout-flow">
<div class="wp-block-uagb-image uagb-block-b8382f46 wp-block-uagb-image--layout-default wp-block-uagb-image--effect-static wp-block-uagb-image--align-none"><figure class="wp-block-uagb-image__figure"><a class="" href="https://www.obacha-heimerdingen.de/franklin/wp-content/uploads/2026/04/IMG-20260214-WA0023.jpg" target="" rel="noopener"><img decoding="async" srcset="https://www.obacha-heimerdingen.de/franklin/wp-content/uploads/2026/04/IMG-20260214-WA0023-1024x826.jpg ,https://www.obacha-heimerdingen.de/franklin/wp-content/uploads/2026/04/IMG-20260214-WA0023.jpg 780w, https://www.obacha-heimerdingen.de/franklin/wp-content/uploads/2026/04/IMG-20260214-WA0023.jpg 360w" sizes="auto, (max-width: 480px) 150px" src="https://www.obacha-heimerdingen.de/franklin/wp-content/uploads/2026/04/IMG-20260214-WA0023-1024x826.jpg" alt="img 20260214 wa0023" class="uag-image-26761" width="552" height="443" title="img 20260214 wa0023" loading="lazy" role="img"/></a></figure></div>
</div>
</div>



<p>Am 6. Januar werden die Bachhausgoischd´r zum Leben erweckt. <br>Dieses wird am Heimerdinger Backhaus vollzogen. <br>Hier erwachen die Goischd´r jedes Jahr, um sich in der 5. Jahreszeit unter das Volk zu mischen, <br>bevor es am Aschermittwoch wieder Abschied nehmen heißt. <br>Mystisch kommen sie aus dem Backhaus mit ihren Masken und ihrem Schießer. <br>Die ganze Fasnetzeit sind sie mit viel Spaß auf vielen Umzügen und Veranstaltungen unterwegs. <br>Dabei unterstützen sie unsere Tanzgruppen oder präsentieren ihren eigenen Brauchtums-Showtanz. <br><br>Aber nicht jeder Goischd „muss“ tanzen. <br>Wer Lust hat, ist ab September dabei und dann geht es los mit dem Training. <br><br><strong>Zunftmeisterin:</strong> Melanie Lenz</p>



<p class="has-ast-global-color-8-color has-text-color has-link-color has-medium-font-size wp-elements-86309d7b219a8b941301aef2c82db98e">Entstehungsgeschichte der Bachhausgoischd&#8217;r</p>



<div class="wp-block-buttons is-content-justification-left is-layout-flex wp-container-core-buttons-is-layout-fc4fd283 wp-block-buttons-is-layout-flex">
<div class="wp-block-button"><a class="wp-block-button__link has-light-green-cyan-background-color has-background wp-element-button" href="https://www.obacha-heimerdingen.de/franklin/entstehungsgeschichte/" style="padding-top:0;padding-bottom:0">mehr erfahren</a></div>
</div>



<h4 class="wp-block-heading">&#x1f4cc; Facts</h4>



<ul class="wp-block-list">
<li><strong>Alter:</strong> 3–99 Jahre</li>



<li><strong>Training:</strong> wird bei Bedarf festgelegt</li>



<li><strong>Voraussetzungen:</strong> alle sind willkommen </li>



<li><strong>Auftritte pro Kampagne:</strong> ca. 10</li>



<li><strong>Umzüge:</strong> ca. 5</li>
</ul>



<h4 class="wp-block-heading">&#x1f31f; Mitmachen</h4>



<p>Wir freuen uns immer über neue Mitglieder – jeder ist herzlich willkommen!</p>



<h4 class="wp-block-heading">&#x1f4de; Kontakt</h4>



<p>Yvonne Riffert <br>Telefon: 0174 / 24 88 186 <br>E-Mail: <a>info@obacha-heimerdingen.de</a></p>



<p></p>

<p>sind eine anerkannte Brauchtumsgruppe des LWK und ein großer Teil der Hoamerdenger Narra Obacha. Ihre Maske stellt das frisch gebackene Brot aus unserem Backhaus dar. Das Häs symbolisiert das lodernde Feuer im Backhaus, sowie das Gemäuer. In der Hand haben sie einen Schießer, mit dem das Brot aus dem Ofen geholt wird. Am 6. Januar [&hellip;]</p>

sind eine anerkannte Brauchtumsgruppe des LWK und ein großer Teil der Hoamerdenger Narra Obacha. Ihre Maske stellt das frisch gebackene Brot aus unserem Backhaus dar. Das Häs symbolisiert das lodernde Feuer im Backhaus, sowie das Gemäuer. In der Hand haben sie einen Schießer, mit dem das Brot aus dem Ofen geholt wird. Am 6. Januar&hellip;
