{"id":26626,"date":"2026-04-15T17:49:59","date_gmt":"2026-04-15T15:49:59","guid":{"rendered":"https:\/\/www.obacha-heimerdingen.de\/franklin\/?page_id=26626"},"modified":"2026-04-20T10:29:12","modified_gmt":"2026-04-20T08:29:12","slug":"26626-2","status":"publish","type":"page","link":"https:\/\/www.obacha-heimerdingen.de\/franklin\/26626-2\/","title":{"rendered":"Die Kr\u00fcmel"},"content":{"rendered":"\n\n\n\n\n\n\n<p>sind zwischen drei und sechs Jahre alt und somit die j\u00fcngsten T\u00e4nzer*innen bei Obacha. <br>Das Wichtigste in diesem Alter ist, dass sie gerne ins Training kommen und den Spa\u00df und die Leidenschaft am Tanzen f\u00fcr sich entdecken. Den erlernten Tanz d\u00fcrfen die Kr\u00fcmel vom 11. November bis Aschermittwoch auf verschiedenen Faschingsveranstaltungen pr\u00e4sentieren.<\/p>\n\n\n\n<div class=\"wp-block-columns is-layout-flex wp-container-core-columns-is-layout-28f84493 wp-block-columns-is-layout-flex\">\n<div class=\"wp-block-column is-layout-flow wp-block-column-is-layout-flow\">\n<div class=\"wp-block-uagb-image uagb-block-fac7058b wp-block-uagb-image--layout-default wp-block-uagb-image--effect-static wp-block-uagb-image--align-none\"><figure class=\"wp-block-uagb-image__figure\"><a class=\"\" href=\"https:\/\/www.obacha-heimerdingen.de\/franklin\/wp-content\/uploads\/2026\/04\/IMG-20260412-WA0007.jpg\" target=\"\" rel=\"noopener\"><img decoding=\"async\" srcset=\"https:\/\/www.obacha-heimerdingen.de\/franklin\/wp-content\/uploads\/2026\/04\/IMG-20260412-WA0007-1024x768.jpg ,https:\/\/www.obacha-heimerdingen.de\/franklin\/wp-content\/uploads\/2026\/04\/IMG-20260412-WA0007.jpg 780w, https:\/\/www.obacha-heimerdingen.de\/franklin\/wp-content\/uploads\/2026\/04\/IMG-20260412-WA0007.jpg 360w\" sizes=\"auto, (max-width: 480px) 150px\" src=\"https:\/\/www.obacha-heimerdingen.de\/franklin\/wp-content\/uploads\/2026\/04\/IMG-20260412-WA0007-1024x768.jpg\" alt=\"img 20260412 wa0007\" class=\"uag-image-26701\" width=\"549\" height=\"400\" title=\"img 20260412 wa0007\" loading=\"lazy\" role=\"img\"\/><\/a><\/figure><\/div>\n<\/div>\n\n\n\n<div class=\"wp-block-column is-layout-flow wp-block-column-is-layout-flow\">\n<div class=\"wp-block-uagb-image alignleft uagb-block-d371218b wp-block-uagb-image--layout-default wp-block-uagb-image--effect-static wp-block-uagb-image--align-left\"><figure class=\"wp-block-uagb-image__figure\"><a class=\"\" href=\"https:\/\/www.obacha-heimerdingen.de\/franklin\/wp-content\/uploads\/2026\/04\/Kruemel-3.jpg\" target=\"\" rel=\"noopener\"><img decoding=\"async\" srcset=\"https:\/\/www.obacha-heimerdingen.de\/franklin\/wp-content\/uploads\/2026\/04\/Kruemel-3.jpg ,https:\/\/www.obacha-heimerdingen.de\/franklin\/wp-content\/uploads\/2026\/04\/Kruemel-3.jpg 780w, https:\/\/www.obacha-heimerdingen.de\/franklin\/wp-content\/uploads\/2026\/04\/Kruemel-3.jpg 360w\" sizes=\"auto, (max-width: 480px) 150px\" src=\"https:\/\/www.obacha-heimerdingen.de\/franklin\/wp-content\/uploads\/2026\/04\/Kruemel-3.jpg\" alt=\"kr\u00fcmel 3\" class=\"uag-image-26702\" width=\"355\" height=\"365\" title=\"kr\u00fcmel 3\" loading=\"lazy\" role=\"img\"\/><\/a><\/figure><\/div>\n<\/div>\n<\/div>\n\n\n\n<figure class=\"wp-block-image size-large is-resized\"><a href=\"https:\/\/www.obacha-heimerdingen.de\/franklin\/wp-content\/uploads\/2026\/04\/IMG-20260412-WA0006-1.jpg\"><img loading=\"lazy\" decoding=\"async\" width=\"1024\" height=\"764\" src=\"https:\/\/www.obacha-heimerdingen.de\/franklin\/wp-content\/uploads\/2026\/04\/IMG-20260412-WA0006-1-1024x764.jpg\" alt=\"img 20260412 wa0006\" class=\"wp-image-26705\" style=\"aspect-ratio:1.340302049261109;width:906px;height:auto\" title=\"Die Kr\u00fcmel\" srcset=\"https:\/\/www.obacha-heimerdingen.de\/franklin\/wp-content\/uploads\/2026\/04\/IMG-20260412-WA0006-1-1024x764.jpg 1024w, https:\/\/www.obacha-heimerdingen.de\/franklin\/wp-content\/uploads\/2026\/04\/IMG-20260412-WA0006-1-300x224.jpg 300w, https:\/\/www.obacha-heimerdingen.de\/franklin\/wp-content\/uploads\/2026\/04\/IMG-20260412-WA0006-1-768x573.jpg 768w, https:\/\/www.obacha-heimerdingen.de\/franklin\/wp-content\/uploads\/2026\/04\/IMG-20260412-WA0006-1.jpg 1295w\" sizes=\"auto, (max-width: 1024px) 100vw, 1024px\" \/><\/a><\/figure>\n\n\n\n<h4 class=\"wp-block-heading\">&#x1f4cc; Facts<\/h4>\n\n\n\n<ul class=\"wp-block-list\">\n<li><strong>Alter:<\/strong> 3\u20136 Jahre <\/li>\n\n\n\n<li><strong>Training:<\/strong> freitags 17:30\u201318:30 Uhr (Festhalle Heimerdingen) <\/li>\n\n\n\n<li><strong>Voraussetzungen:<\/strong> alle sind willkommen <\/li>\n\n\n\n<li><strong>Auftritte pro Kampagne:<\/strong> ca. 3\u20136 <\/li>\n\n\n\n<li><strong>Umz\u00fcge:<\/strong> keine Teilnahme<\/li>\n<\/ul>\n\n\n\n<h4 class=\"wp-block-heading\">&#x1f483; Training<\/h4>\n\n\n\n<p>Wir studieren einmal pro Woche spielerisch einen Tanz mit altersgerechter Musik ein.<\/p>\n\n\n\n<ul class=\"wp-block-list\">\n<li>Unterschiedliche Schrittfolgen mit verschiedenen Positionen<\/li>\n\n\n\n<li>Kleinere Pyramiden<\/li>\n\n\n\n<li>Abschlussspiele<\/li>\n<\/ul>\n\n\n\n<p><\/p>\n\n\n\n<p>Unsere bisherigen Showt\u00e4nze handelten bereits von Themen wie <strong>Feen, Safari, Tanzm\u00e4use<\/strong> und vielen weiteren.<\/p>\n\n\n\n<h4 class=\"wp-block-heading\">&#x1f31f; Mitmachen<\/h4>\n\n\n\n<p>Wer Spa\u00df am Tanzen hat oder es einfach einmal ausprobieren m\u00f6chte, kann sich gerne bei uns melden und ein paar Mal unverbindlich am Probetraining teilnehmen.<\/p>\n\n\n\n<p>Wir freuen uns immer \u00fcber neue Mitglieder \u2013 jeder ist herzlich willkommen!<\/p>\n\n\n\n<h4 class=\"wp-block-heading\">&#x1f465; Trainerinnen<\/h4>\n\n\n\n<ul class=\"wp-block-list\">\n<li>Sophie Kreuder<\/li>\n\n\n\n<li> Fabiana Cicilano<\/li>\n<\/ul>\n\n\n\n<p><\/p>\n\n\n\n<h4 class=\"wp-block-heading\">&#x1f4de; Kontakt<\/h4>\n\n\n\n<p>Yvonne Riffert <br>Telefon: 0174 \/ 24 88 186 <br>E-Mail: <a>info@obacha-heimerdingen.de<\/a><\/p>\n","protected":false},"excerpt":{"rendered":"<p>sind zwischen drei und sechs Jahre alt und somit die j\u00fcngsten T\u00e4nzer*innen bei Obacha. Das Wichtigste in diesem Alter ist, dass sie gerne ins Training kommen und den Spa\u00df und die Leidenschaft am Tanzen f\u00fcr sich entdecken. Den erlernten Tanz d\u00fcrfen die Kr\u00fcmel vom 11. November bis Aschermittwoch auf verschiedenen Faschingsveranstaltungen pr\u00e4sentieren. &#x1f4cc; Facts &#x1f483; [&hellip;]<\/p>\n","protected":false},"author":2,"featured_media":0,"parent":0,"menu_order":0,"comment_status":"closed","ping_status":"closed","template":"","meta":{"_uag_custom_page_level_css":"","site-sidebar-layout":"default","site-content-layout":"","ast-site-content-layout":"default","site-content-style":"default","site-sidebar-style":"default","ast-global-header-display":"","ast-banner-title-visibility":"","ast-main-header-display":"","ast-hfb-above-header-display":"","ast-hfb-below-header-display":"","ast-hfb-mobile-header-display":"","site-post-title":"","ast-breadcrumbs-content":"","ast-featured-img":"","footer-sml-layout":"","ast-disable-related-posts":"","theme-transparent-header-meta":"","adv-header-id-meta":"","stick-header-meta":"","header-above-stick-meta":"","header-main-stick-meta":"","header-below-stick-meta":"","astra-migrate-meta-layouts":"set","ast-page-background-enabled":"default","ast-page-background-meta":{"desktop":{"background-color":"var(--ast-global-color-4)","background-image":"","background-repeat":"repeat","background-position":"center center","background-size":"auto","background-attachment":"scroll","background-type":"","background-media":"","overlay-type":"","overlay-color":"","overlay-opacity":"","overlay-gradient":""},"tablet":{"background-color":"","background-image":"","background-repeat":"repeat","background-position":"center center","background-size":"auto","background-attachment":"scroll","background-type":"","background-media":"","overlay-type":"","overlay-color":"","overlay-opacity":"","overlay-gradient":""},"mobile":{"background-color":"","background-image":"","background-repeat":"repeat","background-position":"center center","background-size":"auto","background-attachment":"scroll","background-type":"","background-media":"","overlay-type":"","overlay-color":"","overlay-opacity":"","overlay-gradient":""}},"ast-content-background-meta":{"desktop":{"background-color":"var(--ast-global-color-5)","background-image":"","background-repeat":"repeat","background-position":"center center","background-size":"auto","background-attachment":"scroll","background-type":"","background-media":"","overlay-type":"","overlay-color":"","overlay-opacity":"","overlay-gradient":""},"tablet":{"background-color":"var(--ast-global-color-5)","background-image":"","background-repeat":"repeat","background-position":"center center","background-size":"auto","background-attachment":"scroll","background-type":"","background-media":"","overlay-type":"","overlay-color":"","overlay-opacity":"","overlay-gradient":""},"mobile":{"background-color":"var(--ast-global-color-5)","background-image":"","background-repeat":"repeat","background-position":"center center","background-size":"auto","background-attachment":"scroll","background-type":"","background-media":"","overlay-type":"","overlay-color":"","overlay-opacity":"","overlay-gradient":""}},"footnotes":""},"class_list":["post-26626","page","type-page","status-publish","hentry"],"uagb_featured_image_src":{"full":false,"thumbnail":false,"medium":false,"medium_large":false,"large":false,"1536x1536":false,"2048x2048":false},"uagb_author_info":{"display_name":"Friedrich Blum","author_link":"https:\/\/www.obacha-heimerdingen.de\/franklin\/author\/frieder\/"},"uagb_comment_info":0,"uagb_excerpt":"sind zwischen drei und sechs Jahre alt und somit die j\u00fcngsten T\u00e4nzer*innen bei Obacha. Das Wichtigste in diesem Alter ist, dass sie gerne ins Training kommen und den Spa\u00df und die Leidenschaft am Tanzen f\u00fcr sich entdecken. Den erlernten Tanz d\u00fcrfen die Kr\u00fcmel vom 11. November bis Aschermittwoch auf verschiedenen Faschingsveranstaltungen pr\u00e4sentieren. &#x1f4cc; Facts &#x1f483;&hellip;","_links":{"self":[{"href":"https:\/\/www.obacha-heimerdingen.de\/franklin\/wp-json\/wp\/v2\/pages\/26626","targetHints":{"allow":["GET"]}}],"collection":[{"href":"https:\/\/www.obacha-heimerdingen.de\/franklin\/wp-json\/wp\/v2\/pages"}],"about":[{"href":"https:\/\/www.obacha-heimerdingen.de\/franklin\/wp-json\/wp\/v2\/types\/page"}],"author":[{"embeddable":true,"href":"https:\/\/www.obacha-heimerdingen.de\/franklin\/wp-json\/wp\/v2\/users\/2"}],"replies":[{"embeddable":true,"href":"https:\/\/www.obacha-heimerdingen.de\/franklin\/wp-json\/wp\/v2\/comments?post=26626"}],"version-history":[{"count":26,"href":"https:\/\/www.obacha-heimerdingen.de\/franklin\/wp-json\/wp\/v2\/pages\/26626\/revisions"}],"predecessor-version":[{"id":26955,"href":"https:\/\/www.obacha-heimerdingen.de\/franklin\/wp-json\/wp\/v2\/pages\/26626\/revisions\/26955"}],"wp:attachment":[{"href":"https:\/\/www.obacha-heimerdingen.de\/franklin\/wp-json\/wp\/v2\/media?parent=26626"}],"curies":[{"name":"wp","href":"https:\/\/api.w.org\/{rel}","templated":true}]}}

Die Krümel

<p>sind zwischen drei und sechs Jahre alt und somit die jüngsten Tänzer*innen bei Obacha. <br>Das Wichtigste in diesem Alter ist, dass sie gerne ins Training kommen und den Spaß und die Leidenschaft am Tanzen für sich entdecken. Den erlernten Tanz dürfen die Krümel vom 11. November bis Aschermittwoch auf verschiedenen Faschingsveranstaltungen präsentieren.</p>



<div class="wp-block-columns is-layout-flex wp-container-core-columns-is-layout-28f84493 wp-block-columns-is-layout-flex">
<div class="wp-block-column is-layout-flow wp-block-column-is-layout-flow">
<div class="wp-block-uagb-image uagb-block-fac7058b wp-block-uagb-image--layout-default wp-block-uagb-image--effect-static wp-block-uagb-image--align-none"><figure class="wp-block-uagb-image__figure"><a class="" href="https://www.obacha-heimerdingen.de/franklin/wp-content/uploads/2026/04/IMG-20260412-WA0007.jpg" target="" rel="noopener"><img decoding="async" srcset="https://www.obacha-heimerdingen.de/franklin/wp-content/uploads/2026/04/IMG-20260412-WA0007-1024x768.jpg ,https://www.obacha-heimerdingen.de/franklin/wp-content/uploads/2026/04/IMG-20260412-WA0007.jpg 780w, https://www.obacha-heimerdingen.de/franklin/wp-content/uploads/2026/04/IMG-20260412-WA0007.jpg 360w" sizes="auto, (max-width: 480px) 150px" src="https://www.obacha-heimerdingen.de/franklin/wp-content/uploads/2026/04/IMG-20260412-WA0007-1024x768.jpg" alt="img 20260412 wa0007" class="uag-image-26701" width="549" height="400" title="img 20260412 wa0007" loading="lazy" role="img"/></a></figure></div>
</div>



<div class="wp-block-column is-layout-flow wp-block-column-is-layout-flow">
<div class="wp-block-uagb-image alignleft uagb-block-d371218b wp-block-uagb-image--layout-default wp-block-uagb-image--effect-static wp-block-uagb-image--align-left"><figure class="wp-block-uagb-image__figure"><a class="" href="https://www.obacha-heimerdingen.de/franklin/wp-content/uploads/2026/04/Kruemel-3.jpg" target="" rel="noopener"><img decoding="async" srcset="https://www.obacha-heimerdingen.de/franklin/wp-content/uploads/2026/04/Kruemel-3.jpg ,https://www.obacha-heimerdingen.de/franklin/wp-content/uploads/2026/04/Kruemel-3.jpg 780w, https://www.obacha-heimerdingen.de/franklin/wp-content/uploads/2026/04/Kruemel-3.jpg 360w" sizes="auto, (max-width: 480px) 150px" src="https://www.obacha-heimerdingen.de/franklin/wp-content/uploads/2026/04/Kruemel-3.jpg" alt="krümel 3" class="uag-image-26702" width="355" height="365" title="krümel 3" loading="lazy" role="img"/></a></figure></div>
</div>
</div>



<figure class="wp-block-image size-large is-resized"><a href="https://www.obacha-heimerdingen.de/franklin/wp-content/uploads/2026/04/IMG-20260412-WA0006-1.jpg"><img loading="lazy" decoding="async" width="1024" height="764" src="https://www.obacha-heimerdingen.de/franklin/wp-content/uploads/2026/04/IMG-20260412-WA0006-1-1024x764.jpg" alt="img 20260412 wa0006" class="wp-image-26705" style="aspect-ratio:1.340302049261109;width:906px;height:auto" title="Die Krümel" srcset="https://www.obacha-heimerdingen.de/franklin/wp-content/uploads/2026/04/IMG-20260412-WA0006-1-1024x764.jpg 1024w, https://www.obacha-heimerdingen.de/franklin/wp-content/uploads/2026/04/IMG-20260412-WA0006-1-300x224.jpg 300w, https://www.obacha-heimerdingen.de/franklin/wp-content/uploads/2026/04/IMG-20260412-WA0006-1-768x573.jpg 768w, https://www.obacha-heimerdingen.de/franklin/wp-content/uploads/2026/04/IMG-20260412-WA0006-1.jpg 1295w" sizes="auto, (max-width: 1024px) 100vw, 1024px" /></a></figure>



<h4 class="wp-block-heading">&#x1f4cc; Facts</h4>



<ul class="wp-block-list">
<li><strong>Alter:</strong> 3–6 Jahre </li>



<li><strong>Training:</strong> freitags 17:30–18:30 Uhr (Festhalle Heimerdingen) </li>



<li><strong>Voraussetzungen:</strong> alle sind willkommen </li>



<li><strong>Auftritte pro Kampagne:</strong> ca. 3–6 </li>



<li><strong>Umzüge:</strong> keine Teilnahme</li>
</ul>



<h4 class="wp-block-heading">&#x1f483; Training</h4>



<p>Wir studieren einmal pro Woche spielerisch einen Tanz mit altersgerechter Musik ein.</p>



<ul class="wp-block-list">
<li>Unterschiedliche Schrittfolgen mit verschiedenen Positionen</li>



<li>Kleinere Pyramiden</li>



<li>Abschlussspiele</li>
</ul>



<p></p>



<p>Unsere bisherigen Showtänze handelten bereits von Themen wie <strong>Feen, Safari, Tanzmäuse</strong> und vielen weiteren.</p>



<h4 class="wp-block-heading">&#x1f31f; Mitmachen</h4>



<p>Wer Spaß am Tanzen hat oder es einfach einmal ausprobieren möchte, kann sich gerne bei uns melden und ein paar Mal unverbindlich am Probetraining teilnehmen.</p>



<p>Wir freuen uns immer über neue Mitglieder – jeder ist herzlich willkommen!</p>



<h4 class="wp-block-heading">&#x1f465; Trainerinnen</h4>



<ul class="wp-block-list">
<li>Sophie Kreuder</li>



<li> Fabiana Cicilano</li>
</ul>



<p></p>



<h4 class="wp-block-heading">&#x1f4de; Kontakt</h4>



<p>Yvonne Riffert <br>Telefon: 0174 / 24 88 186 <br>E-Mail: <a>info@obacha-heimerdingen.de</a></p>

<p>sind zwischen drei und sechs Jahre alt und somit die jüngsten Tänzer*innen bei Obacha. Das Wichtigste in diesem Alter ist, dass sie gerne ins Training kommen und den Spaß und die Leidenschaft am Tanzen für sich entdecken. Den erlernten Tanz dürfen die Krümel vom 11. November bis Aschermittwoch auf verschiedenen Faschingsveranstaltungen präsentieren. &#x1f4cc; Facts &#x1f483; [&hellip;]</p>

sind zwischen drei und sechs Jahre alt und somit die jüngsten Tänzer*innen bei Obacha. Das Wichtigste in diesem Alter ist, dass sie gerne ins Training kommen und den Spaß und die Leidenschaft am Tanzen für sich entdecken. Den erlernten Tanz dürfen die Krümel vom 11. November bis Aschermittwoch auf verschiedenen Faschingsveranstaltungen präsentieren. &#x1f4cc; Facts &#x1f483;&hellip;
