{"id":26620,"date":"2026-04-15T17:17:20","date_gmt":"2026-04-15T15:17:20","guid":{"rendered":"https:\/\/www.obacha-heimerdingen.de\/franklin\/?page_id=26620"},"modified":"2026-04-27T07:56:15","modified_gmt":"2026-04-27T05:56:15","slug":"26620-2","status":"publish","type":"page","link":"https:\/\/www.obacha-heimerdingen.de\/franklin\/26620-2\/","title":{"rendered":"7er Rat"},"content":{"rendered":"\n<div class=\"wp-block-uagb-image aligncenter uagb-block-b80ede83 wp-block-uagb-image--layout-default wp-block-uagb-image--effect-static wp-block-uagb-image--align-center\"><figure class=\"wp-block-uagb-image__figure\"><a class=\"\" href=\"https:\/\/www.obacha-heimerdingen.de\/franklin\/wp-content\/uploads\/2026\/04\/Yvonne-Riffert-Praesidentin-1.jpeg\" target=\"\" rel=\"noopener\"><img decoding=\"async\" srcset=\"https:\/\/www.obacha-heimerdingen.de\/franklin\/wp-content\/uploads\/2026\/04\/Yvonne-Riffert-Praesidentin-1-1024x1024.jpeg ,https:\/\/www.obacha-heimerdingen.de\/franklin\/wp-content\/uploads\/2026\/04\/Yvonne-Riffert-Praesidentin-1-1024x1024.jpeg 780w, https:\/\/www.obacha-heimerdingen.de\/franklin\/wp-content\/uploads\/2026\/04\/Yvonne-Riffert-Praesidentin-1.jpeg 360w\" sizes=\"auto, (max-width: 480px) 150px\" src=\"https:\/\/www.obacha-heimerdingen.de\/franklin\/wp-content\/uploads\/2026\/04\/Yvonne-Riffert-Praesidentin-1-1024x1024.jpeg\" alt=\"yvonne riffert praesidentin\" class=\"uag-image-27252\" width=\"307\" height=\"307\" title=\"yvonne riffert praesidentin\" loading=\"lazy\" role=\"img\"\/><\/a><\/figure><\/div>\n\n\n\n<p class=\"has-text-align-center\">Yvonne Riffert \u2013 Pr\u00e4sidentin<\/p>\n\n\n\n<div class=\"wp-block-columns is-layout-flex wp-container-core-columns-is-layout-28f84493 wp-block-columns-is-layout-flex\">\n<div class=\"wp-block-column is-layout-flow wp-block-column-is-layout-flow\">\n<div class=\"wp-block-uagb-image uagb-block-c5092d6a wp-block-uagb-image--layout-default wp-block-uagb-image--effect-static wp-block-uagb-image--align-none\"><figure class=\"wp-block-uagb-image__figure\"><a class=\"\" href=\"https:\/\/www.obacha-heimerdingen.de\/franklin\/wp-content\/uploads\/2026\/04\/Andreas-Hartmann-Vizepraesident.jpeg\" target=\"\" rel=\"noopener\"><img decoding=\"async\" srcset=\"https:\/\/www.obacha-heimerdingen.de\/franklin\/wp-content\/uploads\/2026\/04\/Andreas-Hartmann-Vizepraesident.jpeg ,https:\/\/www.obacha-heimerdingen.de\/franklin\/wp-content\/uploads\/2026\/04\/Andreas-Hartmann-Vizepraesident-1024x1024.jpeg 780w, https:\/\/www.obacha-heimerdingen.de\/franklin\/wp-content\/uploads\/2026\/04\/Andreas-Hartmann-Vizepraesident.jpeg 360w\" sizes=\"auto, (max-width: 480px) 150px\" src=\"https:\/\/www.obacha-heimerdingen.de\/franklin\/wp-content\/uploads\/2026\/04\/Andreas-Hartmann-Vizepraesident.jpeg\" alt=\"andreas hartmann vizepraesident\" class=\"uag-image-27241\" width=\"1919\" height=\"1919\" title=\"andreas hartmann vizepraesident\" loading=\"lazy\" role=\"img\"\/><\/a><\/figure><\/div>\n\n\n\n<p class=\"has-text-align-center\">Andreas Hartmann &#8211; Vizepr\u00e4sident<\/p>\n<\/div>\n\n\n\n<div class=\"wp-block-column is-layout-flow wp-block-column-is-layout-flow\">\n<div class=\"wp-block-uagb-image uagb-block-5b9b90d1 wp-block-uagb-image--layout-default wp-block-uagb-image--effect-static wp-block-uagb-image--align-none\"><figure class=\"wp-block-uagb-image__figure\"><a class=\"\" href=\"https:\/\/www.obacha-heimerdingen.de\/franklin\/wp-content\/uploads\/2026\/04\/Melanie-Lenz-Zunftmeisterin.jpeg\" target=\"\" rel=\"noopener\"><img decoding=\"async\" srcset=\"https:\/\/www.obacha-heimerdingen.de\/franklin\/wp-content\/uploads\/2026\/04\/Melanie-Lenz-Zunftmeisterin-1024x1024.jpeg ,https:\/\/www.obacha-heimerdingen.de\/franklin\/wp-content\/uploads\/2026\/04\/Melanie-Lenz-Zunftmeisterin-1024x1024.jpeg 780w, https:\/\/www.obacha-heimerdingen.de\/franklin\/wp-content\/uploads\/2026\/04\/Melanie-Lenz-Zunftmeisterin.jpeg 360w\" sizes=\"auto, (max-width: 480px) 150px\" src=\"https:\/\/www.obacha-heimerdingen.de\/franklin\/wp-content\/uploads\/2026\/04\/Melanie-Lenz-Zunftmeisterin-1024x1024.jpeg\" alt=\"melanie lenz zunftmeisterin\" class=\"uag-image-27242\" width=\"871\" height=\"1024\" title=\"melanie lenz zunftmeisterin\" loading=\"lazy\" role=\"img\"\/><\/a><\/figure><\/div>\n\n\n\n<p class=\"has-text-align-center\">Melanie Lenz &#8211; Zunftmeisterin<\/p>\n<\/div>\n\n\n\n<div class=\"wp-block-column is-layout-flow wp-block-column-is-layout-flow\">\n<div class=\"wp-block-uagb-image uagb-block-50f6f2b1 wp-block-uagb-image--layout-default wp-block-uagb-image--effect-static wp-block-uagb-image--align-none\"><figure class=\"wp-block-uagb-image__figure\"><a class=\"\" href=\"https:\/\/www.obacha-heimerdingen.de\/franklin\/wp-content\/uploads\/2026\/04\/Julia-Bauer-Kassier.jpeg\" target=\"\" rel=\"noopener\"><img decoding=\"async\" srcset=\"https:\/\/www.obacha-heimerdingen.de\/franklin\/wp-content\/uploads\/2026\/04\/Julia-Bauer-Kassier-1024x1024.jpeg ,https:\/\/www.obacha-heimerdingen.de\/franklin\/wp-content\/uploads\/2026\/04\/Julia-Bauer-Kassier-1024x1024.jpeg 780w, https:\/\/www.obacha-heimerdingen.de\/franklin\/wp-content\/uploads\/2026\/04\/Julia-Bauer-Kassier.jpeg 360w\" sizes=\"auto, (max-width: 480px) 150px\" src=\"https:\/\/www.obacha-heimerdingen.de\/franklin\/wp-content\/uploads\/2026\/04\/Julia-Bauer-Kassier-1024x1024.jpeg\" alt=\"julia bauer kassier\" class=\"uag-image-27244\" width=\"779\" height=\"1024\" title=\"julia bauer kassier\" loading=\"lazy\" role=\"img\"\/><\/a><\/figure><\/div>\n\n\n\n<p class=\"has-text-align-center\">Julia Bauer &#8211; Kassier<\/p>\n<\/div>\n<\/div>\n\n\n\n\n\n<div class=\"wp-block-columns is-layout-flex wp-container-core-columns-is-layout-28f84493 wp-block-columns-is-layout-flex\">\n<div class=\"wp-block-column is-layout-flow wp-block-column-is-layout-flow\">\n<div class=\"wp-block-uagb-image uagb-block-1edd384b wp-block-uagb-image--layout-default wp-block-uagb-image--effect-static wp-block-uagb-image--align-none\"><figure class=\"wp-block-uagb-image__figure\"><a class=\"\" href=\"https:\/\/www.obacha-heimerdingen.de\/franklin\/wp-content\/uploads\/2026\/04\/Sabine-Tabler-Wirtschaftsorga.jpeg\" target=\"\" rel=\"noopener\"><img decoding=\"async\" srcset=\"https:\/\/www.obacha-heimerdingen.de\/franklin\/wp-content\/uploads\/2026\/04\/Sabine-Tabler-Wirtschaftsorga-1024x1024.jpeg ,https:\/\/www.obacha-heimerdingen.de\/franklin\/wp-content\/uploads\/2026\/04\/Sabine-Tabler-Wirtschaftsorga-1024x1024.jpeg 780w, https:\/\/www.obacha-heimerdingen.de\/franklin\/wp-content\/uploads\/2026\/04\/Sabine-Tabler-Wirtschaftsorga.jpeg 360w\" sizes=\"auto, (max-width: 480px) 150px\" src=\"https:\/\/www.obacha-heimerdingen.de\/franklin\/wp-content\/uploads\/2026\/04\/Sabine-Tabler-Wirtschaftsorga-1024x1024.jpeg\" alt=\"sabine tabler wirtschaftsorga\" class=\"uag-image-27245\" width=\"815\" height=\"1024\" title=\"sabine tabler wirtschaftsorga\" loading=\"lazy\" role=\"img\"\/><\/a><\/figure><\/div>\n\n\n\n<p class=\"has-text-align-center\">Sabine Tabler &#8211; Wirtschaftsorga<\/p>\n<\/div>\n\n\n\n<div class=\"wp-block-column is-layout-flow wp-block-column-is-layout-flow\">\n<div class=\"wp-block-uagb-image uagb-block-346d38eb wp-block-uagb-image--layout-default wp-block-uagb-image--effect-static wp-block-uagb-image--align-none\"><figure class=\"wp-block-uagb-image__figure\"><a class=\"\" href=\"https:\/\/www.obacha-heimerdingen.de\/franklin\/wp-content\/uploads\/2026\/04\/Joerg-Naether-Ordensmeister.jpeg\" target=\"\" rel=\"noopener\"><img decoding=\"async\" srcset=\"https:\/\/www.obacha-heimerdingen.de\/franklin\/wp-content\/uploads\/2026\/04\/Joerg-Naether-Ordensmeister-1024x1024.jpeg ,https:\/\/www.obacha-heimerdingen.de\/franklin\/wp-content\/uploads\/2026\/04\/Joerg-Naether-Ordensmeister-1024x1024.jpeg 780w, https:\/\/www.obacha-heimerdingen.de\/franklin\/wp-content\/uploads\/2026\/04\/Joerg-Naether-Ordensmeister.jpeg 360w\" sizes=\"auto, (max-width: 480px) 150px\" src=\"https:\/\/www.obacha-heimerdingen.de\/franklin\/wp-content\/uploads\/2026\/04\/Joerg-Naether-Ordensmeister-1024x1024.jpeg\" alt=\"joerg naether ordensmeister\" class=\"uag-image-27246\" width=\"743\" height=\"1024\" title=\"joerg naether ordensmeister\" loading=\"lazy\" role=\"img\"\/><\/a><\/figure><\/div>\n\n\n\n<p class=\"has-text-align-center\">J\u00f6rg N\u00e4ther &#8211; Ordensmeister<\/p>\n<\/div>\n\n\n\n<div class=\"wp-block-column is-layout-flow wp-block-column-is-layout-flow\">\n<div class=\"wp-block-uagb-image uagb-block-39c427b7 wp-block-uagb-image--layout-default wp-block-uagb-image--effect-static wp-block-uagb-image--align-none\"><figure class=\"wp-block-uagb-image__figure\"><a class=\"\" href=\"https:\/\/www.obacha-heimerdingen.de\/franklin\/wp-content\/uploads\/2026\/04\/Christian-Seibt-techn.-Leiter.jpeg\" target=\"\" rel=\"noopener\"><img decoding=\"async\" srcset=\"https:\/\/www.obacha-heimerdingen.de\/franklin\/wp-content\/uploads\/2026\/04\/Christian-Seibt-techn.-Leiter-1024x1024.jpeg ,https:\/\/www.obacha-heimerdingen.de\/franklin\/wp-content\/uploads\/2026\/04\/Christian-Seibt-techn.-Leiter-1024x1024.jpeg 780w, https:\/\/www.obacha-heimerdingen.de\/franklin\/wp-content\/uploads\/2026\/04\/Christian-Seibt-techn.-Leiter.jpeg 360w\" sizes=\"auto, (max-width: 480px) 150px\" src=\"https:\/\/www.obacha-heimerdingen.de\/franklin\/wp-content\/uploads\/2026\/04\/Christian-Seibt-techn.-Leiter-1024x1024.jpeg\" alt=\"christian seibt techn. leiter\" class=\"uag-image-27247\" width=\"778\" height=\"1024\" title=\"christian seibt techn. leiter\" loading=\"lazy\" role=\"img\"\/><\/a><\/figure><\/div>\n\n\n\n<p class=\"has-text-align-center\">Christian Seibt &#8211; technischer Leiter<\/p>\n<\/div>\n<\/div>\n\n\n\n<p><\/p>\n","protected":false},"excerpt":{"rendered":"<p>Yvonne Riffert \u2013 Pr\u00e4sidentin Andreas Hartmann &#8211; Vizepr\u00e4sident Melanie Lenz &#8211; Zunftmeisterin Julia Bauer &#8211; Kassier Sabine Tabler &#8211; Wirtschaftsorga J\u00f6rg N\u00e4ther &#8211; Ordensmeister Christian Seibt &#8211; technischer Leiter<\/p>\n","protected":false},"author":2,"featured_media":0,"parent":0,"menu_order":0,"comment_status":"closed","ping_status":"closed","template":"","meta":{"_uag_custom_page_level_css":"","site-sidebar-layout":"default","site-content-layout":"","ast-site-content-layout":"default","site-content-style":"default","site-sidebar-style":"default","ast-global-header-display":"","ast-banner-title-visibility":"","ast-main-header-display":"","ast-hfb-above-header-display":"","ast-hfb-below-header-display":"","ast-hfb-mobile-header-display":"","site-post-title":"","ast-breadcrumbs-content":"","ast-featured-img":"","footer-sml-layout":"","ast-disable-related-posts":"","theme-transparent-header-meta":"","adv-header-id-meta":"","stick-header-meta":"","header-above-stick-meta":"","header-main-stick-meta":"","header-below-stick-meta":"","astra-migrate-meta-layouts":"set","ast-page-background-enabled":"default","ast-page-background-meta":{"desktop":{"background-color":"var(--ast-global-color-4)","background-image":"","background-repeat":"repeat","background-position":"center center","background-size":"auto","background-attachment":"scroll","background-type":"","background-media":"","overlay-type":"","overlay-color":"","overlay-opacity":"","overlay-gradient":""},"tablet":{"background-color":"","background-image":"","background-repeat":"repeat","background-position":"center center","background-size":"auto","background-attachment":"scroll","background-type":"","background-media":"","overlay-type":"","overlay-color":"","overlay-opacity":"","overlay-gradient":""},"mobile":{"background-color":"","background-image":"","background-repeat":"repeat","background-position":"center center","background-size":"auto","background-attachment":"scroll","background-type":"","background-media":"","overlay-type":"","overlay-color":"","overlay-opacity":"","overlay-gradient":""}},"ast-content-background-meta":{"desktop":{"background-color":"var(--ast-global-color-5)","background-image":"","background-repeat":"repeat","background-position":"center center","background-size":"auto","background-attachment":"scroll","background-type":"","background-media":"","overlay-type":"","overlay-color":"","overlay-opacity":"","overlay-gradient":""},"tablet":{"background-color":"var(--ast-global-color-5)","background-image":"","background-repeat":"repeat","background-position":"center center","background-size":"auto","background-attachment":"scroll","background-type":"","background-media":"","overlay-type":"","overlay-color":"","overlay-opacity":"","overlay-gradient":""},"mobile":{"background-color":"var(--ast-global-color-5)","background-image":"","background-repeat":"repeat","background-position":"center center","background-size":"auto","background-attachment":"scroll","background-type":"","background-media":"","overlay-type":"","overlay-color":"","overlay-opacity":"","overlay-gradient":""}},"footnotes":""},"class_list":["post-26620","page","type-page","status-publish","hentry"],"uagb_featured_image_src":{"full":false,"thumbnail":false,"medium":false,"medium_large":false,"large":false,"1536x1536":false,"2048x2048":false},"uagb_author_info":{"display_name":"Friedrich Blum","author_link":"https:\/\/www.obacha-heimerdingen.de\/franklin\/author\/frieder\/"},"uagb_comment_info":0,"uagb_excerpt":"Yvonne Riffert \u2013 Pr\u00e4sidentin Andreas Hartmann &#8211; Vizepr\u00e4sident Melanie Lenz &#8211; Zunftmeisterin Julia Bauer &#8211; Kassier Sabine Tabler &#8211; Wirtschaftsorga J\u00f6rg N\u00e4ther &#8211; Ordensmeister Christian Seibt &#8211; technischer Leiter","_links":{"self":[{"href":"https:\/\/www.obacha-heimerdingen.de\/franklin\/wp-json\/wp\/v2\/pages\/26620","targetHints":{"allow":["GET"]}}],"collection":[{"href":"https:\/\/www.obacha-heimerdingen.de\/franklin\/wp-json\/wp\/v2\/pages"}],"about":[{"href":"https:\/\/www.obacha-heimerdingen.de\/franklin\/wp-json\/wp\/v2\/types\/page"}],"author":[{"embeddable":true,"href":"https:\/\/www.obacha-heimerdingen.de\/franklin\/wp-json\/wp\/v2\/users\/2"}],"replies":[{"embeddable":true,"href":"https:\/\/www.obacha-heimerdingen.de\/franklin\/wp-json\/wp\/v2\/comments?post=26620"}],"version-history":[{"count":68,"href":"https:\/\/www.obacha-heimerdingen.de\/franklin\/wp-json\/wp\/v2\/pages\/26620\/revisions"}],"predecessor-version":[{"id":27348,"href":"https:\/\/www.obacha-heimerdingen.de\/franklin\/wp-json\/wp\/v2\/pages\/26620\/revisions\/27348"}],"wp:attachment":[{"href":"https:\/\/www.obacha-heimerdingen.de\/franklin\/wp-json\/wp\/v2\/media?parent=26620"}],"curies":[{"name":"wp","href":"https:\/\/api.w.org\/{rel}","templated":true}]}}